6 = 4*d, -4*d = -0*u + 4*u - 8. Let b(t) = 4*t**2. Calculate b(u).
4
Let j(m) be the first derivative of m**4/4 + 2*m**3 + 3*m**2/2 + 3*m - 1. Let c = -27 + 31. Suppose 8*h + 24 = c*h. What is j(h)?
-15
Let y(r) = r**2 + r - 1. Let s(k) = -7*k**2 - 9*k + 4. Let h(z) = -s(z) - 6*y(z). Let p(u) = u**3 - 40*u**2 + 41*u - 81. Let w be p(39). Calculate h(w).
2
Let x(q) = -6*q + 6. Let z(d) = 6*d - 6. Let c(v) = v - 1. Let p(l) = 16*c(l) - 3*z(l). Let o = -5 - -7. Let g(n) = o*x(n) - 7*p(n). What is g(6)?
10
Let f(q) be the third derivative of -q**7/2520 + q**6/120 + q**5/15 + 12*q**2. Let t(i) be the third derivative of f(i). Give t(5).
-4
Let g(i) = -3*i - 9. Let q(b) = 10*b + 10. Let h(l) = 29*l + 30. Let v(r) = 6*h(r) - 17*q(r). Let n(m) = -3*g(m) - 2*v(m). Determine n(-8).
-1
Let y(j) = -j**2 - 3. Let d be ((-162)/243)/((-2)/(-9)). Give y(d).
-12
Let m(y) = y**3 + y**2 - 3*y + 2. Let l(z) be the second derivative of z**4/12 + z**3/6 - 5*z. Let a be l(-3). Suppose v = a*v + 15. Calculate m(v).
-7
Let n be 3*1/((-9)/(-6)). Suppose -l = -n*l + 2. Let y(q) = 0*q**3 - 8 - 5*q + q**2 - l*q - q**3 + 8*q**2. Calculate y(8).
0
Let f(q) be the first derivative of -2 + 0*q - 3/2*q**2 - 1/12*q**4 - 1/30*q**5 - 1/2*q**3. Let t(b) be the second derivative of f(b). What is t(-2)?
-7
Let v(n) = n**2 - 9*n. Let i be 18*(330/(-396))/(10/(-6)). What is v(i)?
0
Let v(d) = 4 + 4*d - d - 1 - 2*d. Determine v(3).
6
Let g(a) = -3*a**3 - 87*a**2 - 13*a - 1. Let m(h) = -h**3 - 30*h**2 - 4*h. Let u(d) = 6*g(d) - 17*m(d). Give u(-11).
-17
Let u(s) be the second derivative of 3*s**5/20 + s**4/6 + s**3/3 - s**2/2 - 208*s. What is u(-2)?
-21
Let l be 1/(-3 - 2) - 236/295. Let y(w) = w - 2. Determine y(l).
-3
Let m(q) = -1 + 14*q**2 + q + q - 4*q. Suppose 0 = 13*i - 14*i - 1. Give m(i).
15
Let t(i) = i**3 - 3*i**2 - 3*i + 7. Let n be (-16)/10*3/(36/(-30)). Determine t(n).
11
Let p be 66/8 - (3 + 66/(-24)). Let d(o) = -2 - 12*o + 2*o**3 + p*o - 5*o**2 - o**3 - 4. Determine d(6).
6
Suppose 4*p + 3 = 3*f + 1, -5*f = -5*p - 5. Let c(y) = 0*y**f - y**2 + 405 - 405. Calculate c(3).
-9
Let v(r) = 0*r + 4*r + 2*r - 7*r + 3. Determine v(-4).
7
Suppose -4*c + 3*z + 20 = 0, -3*c - 4 = 2*z - 2. Let h(u) = -8*u**2 - 6*u**c - u - 9*u**2 + 25*u**2. What is h(-3)?
21
Let d(u) = -u**2 - 2*u. Let c(m) = -3*m**2 - 4*m. Let z(f) = 2*c(f) - 5*d(f). Let l(o) = -4*o**2 + 9*o. Let r(s) = 2*l(s) - 9*z(s). Determine r(1).
1
Let n(p) = 5 - 1 + 2*p - 2. Let f = -3 + 4. Let k be 6 - (3 - (2 - f)). What is n(k)?
10
Let g be (16/(-20))/(1/(-5)). Let n(p) = 3*p + 6*p - 7*p + 3*p. Determine n(g).
20
Let y = 69 - 73. Let l(h) = -h**2 - h. Suppose 0 = 9*n - 4*n + 5. Let z(s) = 3*s**2 + s - 1. Let f(u) = n*z(u) - 4*l(u). Determine f(y).
5
Let r(m) = 4*m + 7 + 2*m + 6 - 8*m**2 + 7*m**2 - 5*m. Suppose 0 = -o + 5*o + 5*k - 95, k = -3*o + 63. Suppose -2*f + 6*n = n - o, 0 = 3*f + 4*n + 16. Give r(f).
13
Let y(k) be the third derivative of 3*k**4/8 - 17*k**3/6 + k**2. Let q(g) = -5*g + 9. Let a be (-6)/(-4 - -2) + 1. Let d(j) = a*y(j) + 7*q(j). Calculate d(4).
-1
Let j(p) = p. Let q(b) be the first derivative of b**3/3 + 5*b**2 + 17*b + 24. Let m be q(-5). Give j(m).
-8
Let a(i) = i**3 - 9*i**2 - i + 5. Let m be a(9). Let o(u) = -164*u**3 + 25 - 7*u - 30 + 165*u**3 + 2*u**2. What is o(m)?
-9
Let z(r) = -r + 4. Suppose -3*m - 4*f + 89 = 0, m + 0*m + 5*f - 26 = 0. Let o = m - 34. Give z(o).
7
Let k = -4 + 7. Let a(w) = 9*w - 5*w**k + w**2 - 8*w - w**3. Give a(-1).
6
Let s(k) be the first derivative of k**4/4 - 5*k**2/2 - 12. Let v(a) be the second derivative of s(a). What is v(-2)?
-12
Let i(z) = z - 2. Let s(l) = -8*l**3 - l**2 + 3*l - 4. Let y(j) = -17*j**3 - 3*j**2 + 7*j - 9. Let u(g) = -5*s(g) + 2*y(g). Let c be u(1). Calculate i(c).
4
Let y(j) be the first derivative of j - 2 - 1/2*j**2 + 2/3*j**3 - 1/4*j**4. What is y(2)?
-1
Let d(h) be the first derivative of h**2/2 + 4*h - 39. Determine d(9).
13
Let g = 2054 - 2057. Let o(q) = q**2 - q - 6. What is o(g)?
6
Let t be ((-150)/175)/(6/(-28)). Suppose 5*f + t = 14. Let g(c) = c**3 - 3*c**2 + 4*c - 2. Calculate g(f).
2
Let m(c) = -c**3 + 2*c**2 + c - 1. Suppose -5*d = 106 - 116. Give m(d).
1
Let y(w) = -11 - w**2 + 18*w - 8*w + 10*w - 4. What is y(19)?
4
Let u(s) = s**3 + s**2. Let i be u(0). Suppose 4*q = -2*v - 3*v - 25, 2*q - 3*v = 15. Let j(g) = i + 20*g + q - 23*g. Give j(1).
-3
Let b(d) = d. Let v(l) = l**2 - 3*l - 66. Let x be v(10). Give b(x).
4
Let l(z) = 4*z - 15*z + 3*z + 3*z. What is l(1)?
-5
Let b be (-111)/(-12) + 1/(-4). Let p(i) = 9*i**2 + 3*i - 6. Let q(t) = -20*t**2 - 7*t + 13. Let w(j) = b*p(j) + 4*q(j). Calculate w(2).
0
Let r(n) be the third derivative of n**4/8 - 5*n**3/6 + 8*n**2 + 4*n. Calculate r(2).
1
Let j(t) = t**2 - 30*t + 28. Let h be j(29). Let n(s) = s**2 - 3*s - 3. Calculate n(h).
1
Let c(r) = -r**3 + r**2 + 2*r - 1. Let t(q) = q**3 + 4*q**2 + q - 2. Let j be t(-4). Let n be (-1*(3 + 0))/(j/(-4)). Calculate c(n).
7
Let a(y) = y - 2. Let k = -47 + 38. Let q(o) = o**2 + 9*o - 5. Let n be q(k). Determine a(n).
-7
Let w(u) be the first derivative of -u**3/3 - 11*u**2/2 - 7*u + 690. Determine w(-6).
23
Let t be 18/5 - 2/(-5). Let u(s) = -s - s - t - 1. Let l(p) = -22*p + 105. Let h be l(5). What is u(h)?
5
Suppose 0 = -2*u - 8, -2*l + 2*u + 13 = 1. Let h(t) = t - 64 - 4*t + l*t + 65. Calculate h(-2).
3
Let o(k) = -k**3 - 8*k**2 - k + 2. Let p be 5 - (16 + (5 - 12)). Determine o(p).
-58
Let g(o) = 3*o**3 + 5*o**2 - 4*o. Let b(z) = -2*z**3 - 3*z**2 + 2*z. Suppose -5*t = 2*j + 8 - 31, j = -5*t + 19. Let f(n) = j*g(n) + 7*b(n). Calculate f(2).
-24
Let y(h) = -5*h**2 + 9*h**2 + 4 - 3. What is y(-1)?
5
Let o(y) = 3*y**2 + y**3 - 72*y - 3 - 1 + 74*y. What is o(-3)?
-10
Let x(k) = -k**3 - 22*k**2 - 2*k - 35. Let j be x(-22). Let y(o) = o - 16. Determine y(j).
-7
Suppose 0 = -3*o + 6*o - 102. Suppose 4*c - 2*b + o = 0, -c + 2*c = b - 11. Let r(q) = q**3 + 7*q**2 + 7*q + 5. What is r(c)?
-1
Suppose k = -4*m - 2, -4*k = 4*m + k + 10. Let a(r) be the first derivative of -r**2/2 - 5*r - 281. What is a(m)?
-5
Let j(x) = 2*x + 12. Let p be 8/(-36) + (-43)/9. Let g be j(p). Suppose -3*a - g*o = 14, 3*o - 6 = -3*a - 21. Let n(y) = y + 2. What is n(a)?
-2
Suppose -5*j - 10 = 3*w + 8, w + 20 = -4*j. Let l(b) = 7*b + 4. Let p(m) = -8*m - 3. Let r(o) = 5*l(o) + 4*p(o). Give r(j).
-10
Let l = 748 + -756. Let i(a) = -a**2 - 8*a - 6. Give i(l).
-6
Let y(n) be the third derivative of n**4/24 - 2*n**3/3 + 21*n**2. Let u(t) = -t**2 + t. Let r be u(0). Determine y(r).
-4
Let j be ((11/(33/72))/(-1))/(-2). Let a(v) = v**3 + 3*v**2 - 3*v - 4. Let r be a(-3). Suppose z = r*z + j. Let b(n) = -n**2 - 3*n + 1. Give b(z).
1
Let f(x) be the first derivative of 6 + 15 - 9*x + x**2 - 11 + 7. What is f(7)?
5
Let f(a) = -4*a**2 - 2*a + 3. Let t(n) = n**2 - n + 1. Let q(v) = f(v) - 3*t(v). Let h be (-20)/(-6)*36/30. Let w be (-91)/(-77) - h/22. Calculate q(w).
-6
Let c(i) = -i**2 - 4*i. Let l(w) = w**3 - 6*w**2 + 5*w - 4. Let y(x) = -x**3 - 2*x**2 + x. Let v be y(-2). Let t be 1 - -3 - (v + 1). Let j be l(t). Give c(j).
0
Let k(f) = f**2 - 17*f + 18. Let l be k(16). Let q(a) = -8 - 1 - 6 - l*a + a. Give q(0).
-15
Let m be 8/(-12) + (-10)/3 + 4. Let u(v) = m + 584*v + v**2 - v**3 - 1 - 585*v. What is u(-1)?
2
Let y(l) = 4*l - 4 - l + 3*l - l**2. Let i(x) = x**2 + 5*x + 2. Let r be i(-3). Let a = r - -9. Give y(a).
1
Suppose -9*w = 29*w + 114. Let n(f) = -7*f - 17. What is n(w)?
4
Let y(k) = -k**2 + k - 8. Let r be -2 - (-36)/15 - 42/5. Let g be 0/(r/(-12)*-3). What is y(g)?
-8
Let d(g) = -g**2 - 5*g + 4. Let k(m) = -7*m - 2*m**2 - 4 + 10*m + 0*m. Let o be k(2). Determine d(o).
-2
Let u(t) = t**2 + 3*t + 6. Let x(h) = 7*h - 132. Let f be x(18). Calculate u(f).
24
Let r(l) = -12 + 2*l**3 + l**2 + 18 - 3*l**3 + 3*l + 3*l**2. Give r(5).
-4
Let q(g) = g**2 - 3*g. Suppose 5*y - o + 1088 = 0, -395 = 5*y + 2*o + 699. Let j = -130 - y. Let k be (-4)/22 + 368/j. Determine q(k).
4
Let i(n) = -n**2 + 1. Let u be 20/(-15)*12/(-8). Suppose -2*j = u - 64. Let r = j + -30. Give i(r).
0
Let s(n) = 3*n**2 - 2 - n + 0*n**3 + 0 + n**3. Let k be ((-70)/30)/((-1)/(-3)). Let j(q) = 3*q**3 + 10*q**2 - 3*q - 7. Let d(a) = k*s(a) + 2*j(a). Give d(2).
-10
Let b(a) = -a**3 - 13*a**2 - 12*a + 2. Let c =